{"id":1286,"date":"2015-10-21T11:21:31","date_gmt":"2015-10-21T09:21:31","guid":{"rendered":"http:\/\/aubertm.me\/fr\/?page_id=1286"},"modified":"2025-11-05T11:47:48","modified_gmt":"2025-11-05T10:47:48","slug":"vlan","status":"publish","type":"page","link":"https:\/\/aubertm.me\/index.php\/my-experience\/vlan\/","title":{"rendered":"2011-2012 Mission pour VLAN"},"content":{"rendered":"\n<p><strong>Mission :<\/strong> SEO copywriting de qualit\u00e9<\/p>\n\n\n\n<p><strong>Business analyst :<\/strong> r\u00e9daction d\u2019un cahier des charges \u00e0 partir des besoins des stakeholders<\/p>\n\n\n\n<p><strong>Project manager : <\/strong>organisation du travail au sein de l&#8217;\u00e9quipe interne, et suivi du projet<\/p>\n\n\n\n<ul class=\"wp-block-list\">\n<li>Les t\u00e2ches de mon \u00e9quipe interne \u00e9taient: trouver des th\u00e8mes, r\u00e9diger des articles, v\u00e9rifier la qualit\u00e9 \u00e9ditoriale, int\u00e9grer les articles au CMS. La livraison d&#8217;articles \u00e9tait quotidienne.<\/li>\n\n\n\n<li>Le d\u00e9fi tenait surtout dans l&#8217;organisation du\u00a0workflow. pour cette\u00a0mission, j&#8217;ai engag\u00e9 un copywriter junior et agent de qualit\u00e9 senior. Leur travail \u00e9tait supervis\u00e9 par un copywriter senior. Total : 1,8 ETP<\/li>\n<\/ul>\n\n\n\n<p><strong>Data analyst :<\/strong> reporting p\u00e9riodique\u00a0avec KPIs et recommandations aux\u00a0stakeholders<\/p>\n\n\n\n<p><strong>R\u00e9sultats<\/strong> :<\/p>\n\n\n\n<p>Autovlan.be<\/p>\n\n\n\n<ul class=\"wp-block-list\">\n<li>+68% visiteurs <\/li>\n\n\n\n<li>+409 000 visiteurs <\/li>\n\n\n\n<li>51% visiteurs r\u00e9guliers<\/li>\n<\/ul>\n\n\n\n<p>Immovlan.be<\/p>\n\n\n\n<ul class=\"wp-block-list\">\n<li>+40% visiteurs <\/li>\n\n\n\n<li>+245 500 visiteurs <\/li>\n\n\n\n<li>65.7% visiteurs r\u00e9guliers<\/li>\n<\/ul>\n","protected":false},"excerpt":{"rendered":"<p>Mission : SEO copywriting de qualit\u00e9 Business analyst : r\u00e9daction d\u2019un cahier des charges \u00e0 partir des besoins des stakeholders Project manager : organisation du travail au sein de l&#8217;\u00e9quipe interne, et suivi du projet Data analyst : reporting p\u00e9riodique\u00a0avec KPIs et recommandations aux\u00a0stakeholders R\u00e9sultats : Autovlan.be Immovlan.be<\/p>\n","protected":false},"author":2,"featured_media":0,"parent":3967,"menu_order":0,"comment_status":"closed","ping_status":"closed","template":"","meta":{"footnotes":""},"class_list":["post-1286","page","type-page","status-publish","hentry"],"jetpack_sharing_enabled":true,"_links":{"self":[{"href":"https:\/\/aubertm.me\/index.php\/wp-json\/wp\/v2\/pages\/1286","targetHints":{"allow":["GET"]}}],"collection":[{"href":"https:\/\/aubertm.me\/index.php\/wp-json\/wp\/v2\/pages"}],"about":[{"href":"https:\/\/aubertm.me\/index.php\/wp-json\/wp\/v2\/types\/page"}],"author":[{"embeddable":true,"href":"https:\/\/aubertm.me\/index.php\/wp-json\/wp\/v2\/users\/2"}],"replies":[{"embeddable":true,"href":"https:\/\/aubertm.me\/index.php\/wp-json\/wp\/v2\/comments?post=1286"}],"version-history":[{"count":8,"href":"https:\/\/aubertm.me\/index.php\/wp-json\/wp\/v2\/pages\/1286\/revisions"}],"predecessor-version":[{"id":5398,"href":"https:\/\/aubertm.me\/index.php\/wp-json\/wp\/v2\/pages\/1286\/revisions\/5398"}],"up":[{"embeddable":true,"href":"https:\/\/aubertm.me\/index.php\/wp-json\/wp\/v2\/pages\/3967"}],"wp:attachment":[{"href":"https:\/\/aubertm.me\/index.php\/wp-json\/wp\/v2\/media?parent=1286"}],"curies":[{"name":"wp","href":"https:\/\/api.w.org\/{rel}","templated":true}]}}