{"id":2388,"date":"2018-09-17T16:09:41","date_gmt":"2018-09-17T14:09:41","guid":{"rendered":"http:\/\/aubertm.me\/?page_id=2388"},"modified":"2025-11-05T13:46:20","modified_gmt":"2025-11-05T12:46:20","slug":"fgtb-bruxelles","status":"publish","type":"page","link":"https:\/\/aubertm.me\/index.php\/my-experience\/fgtb-bruxelles\/","title":{"rendered":"2015-2016 Mission pour la FGTB Bruxelles"},"content":{"rendered":"\n<p><strong>Mission :<\/strong> optimiser la constellation des sites web<\/p>\n\n\n\n<p><strong>Business analyst :<\/strong> 3 ateliers de r\u00e9colte des besoins face aux diff\u00e9rents publics-cibles<\/p>\n\n\n\n<p><strong>Functional analyst : <\/strong>analyse de l&#8217;existant AS-IS et r\u00e9daction du  cahier des charges TO-BE pour la refonte des sites web, \u00e0 destination des agences web<\/p>\n\n\n\n<p><strong>Change manager: <\/strong>formation aux outils marketing en ligne<\/p>\n\n\n\n<p><strong>R\u00e9sultats :<\/strong> 16 pages de cahier des charges de 4 sites web pour l\u2019appel d\u2019offre \u00e0 envoyer aux agences web<\/p>\n","protected":false},"excerpt":{"rendered":"<p>Mission : optimiser la constellation des sites web Business analyst : 3 ateliers de r\u00e9colte des besoins face aux diff\u00e9rents publics-cibles Functional analyst : analyse de l&#8217;existant AS-IS et r\u00e9daction du cahier des charges TO-BE pour la refonte des sites web, \u00e0 destination des agences web Change manager: formation aux outils marketing en ligne R\u00e9sultats [&hellip;]<\/p>\n","protected":false},"author":2,"featured_media":0,"parent":3967,"menu_order":0,"comment_status":"closed","ping_status":"closed","template":"","meta":{"footnotes":""},"class_list":["post-2388","page","type-page","status-publish","hentry"],"jetpack_sharing_enabled":true,"_links":{"self":[{"href":"https:\/\/aubertm.me\/index.php\/wp-json\/wp\/v2\/pages\/2388","targetHints":{"allow":["GET"]}}],"collection":[{"href":"https:\/\/aubertm.me\/index.php\/wp-json\/wp\/v2\/pages"}],"about":[{"href":"https:\/\/aubertm.me\/index.php\/wp-json\/wp\/v2\/types\/page"}],"author":[{"embeddable":true,"href":"https:\/\/aubertm.me\/index.php\/wp-json\/wp\/v2\/users\/2"}],"replies":[{"embeddable":true,"href":"https:\/\/aubertm.me\/index.php\/wp-json\/wp\/v2\/comments?post=2388"}],"version-history":[{"count":6,"href":"https:\/\/aubertm.me\/index.php\/wp-json\/wp\/v2\/pages\/2388\/revisions"}],"predecessor-version":[{"id":5421,"href":"https:\/\/aubertm.me\/index.php\/wp-json\/wp\/v2\/pages\/2388\/revisions\/5421"}],"up":[{"embeddable":true,"href":"https:\/\/aubertm.me\/index.php\/wp-json\/wp\/v2\/pages\/3967"}],"wp:attachment":[{"href":"https:\/\/aubertm.me\/index.php\/wp-json\/wp\/v2\/media?parent=2388"}],"curies":[{"name":"wp","href":"https:\/\/api.w.org\/{rel}","templated":true}]}}