{"id":4825,"date":"2025-10-30T15:16:51","date_gmt":"2025-10-30T14:16:51","guid":{"rendered":"https:\/\/aubertm.me\/?page_id=4825"},"modified":"2025-10-30T15:43:57","modified_gmt":"2025-10-30T14:43:57","slug":"presentations-2","status":"publish","type":"page","link":"https:\/\/aubertm.me\/index.php\/my-projects\/presentations-2\/","title":{"rendered":"Pr\u00e9sentations"},"content":{"rendered":"\n<p>Backup de <a href=\"https:\/\/fr.slideshare.net\/aubertm\" data-type=\"link\" data-id=\"https:\/\/fr.slideshare.net\/aubertm\" target=\"_blank\" rel=\"noreferrer noopener\">ma page Slideshare<\/a><\/p>\n\n\n\n<p>31 partages, 350 abonnements<\/p>\n\n\n\n<hr class=\"wp-block-separator has-alpha-channel-opacity\"\/>\n\n\n\n<p><a href=\"https:\/\/www.slideshare.net\/slideshow\/pitch-startupweekend-fitmynest-modular-housing\/88894444\">Pitch StartupWeekend FitMyNest: modular housing par Marina Aubert, a 15 diapositives avec 361 vues.<\/a><\/p>\n\n\n\n<figure class=\"wp-block-image\"><img decoding=\"async\" src=\"https:\/\/cdn.slidesharecdn.com\/ss_thumbnails\/pitchswbrufitmynest-180225145852-thumbnail.jpg?width=560&amp;fit=bounds\" alt=\"Pitch StartupWeekend FitMyNest: modular housing\"\/><\/figure>\n\n\n\n<p>Pitch StartupWeekend FitMyNest: modular housing<\/p>\n\n\n\n<p>15 diapositives\u2022361 vues<\/p>\n\n\n\n<p><a href=\"https:\/\/www.slideshare.net\/slideshow\/fitmynest-industry-40-and-cohousing\/88882385\">FitMyNest: Industry 4.0 and co-housing par Marina Aubert, a 14 diapositives avec 462 vues.<\/a><\/p>\n\n\n\n<figure class=\"wp-block-image\"><img decoding=\"async\" src=\"https:\/\/cdn.slidesharecdn.com\/ss_thumbnails\/201802aubertmfitmynestb-sproutsindustry40co-housing-180225100542-thumbnail.jpg?width=560&amp;fit=bounds\" alt=\"FitMyNest: Industry 4.0 and co-housing\"\/><\/figure>\n\n\n\n<p>FitMyNest: Industry 4.0 and co-housing<\/p>\n\n\n\n<p>14 diapositives\u2022462 vues<\/p>\n\n\n\n<p><a href=\"https:\/\/fr.slideshare.net\/slideshow\/201502rotary-club-waterloo-international-lintelligence-collectiveau-service-de-lentreprise\/84558383\">2015\/02&nbsp;Rotary Club Waterloo International &#8211; L&#8217;intelligence collective&nbsp;au service de l&#8217;entreprise par Marina Aubert, a 16 diapositives avec 115 vues.<\/a><\/p>\n\n\n\n<figure class=\"wp-block-image\"><img decoding=\"async\" src=\"https:\/\/cdn.slidesharecdn.com\/ss_thumbnails\/201502oaaaaurarotary-171220180234-thumbnail.jpg?width=560&amp;fit=bounds\" alt=\"2015\/02\u00a0Rotary Club Waterloo International - L'intelligence collective\u00a0au service de l'entreprise\"\/><\/figure>\n\n\n\n<p>2015\/02&nbsp;Rotary Club Waterloo International &#8211; L&#8217;intelligence collective&nbsp;au service de l&#8217;entreprise<\/p>\n\n\n\n<p>16 diapositives\u2022115 vues<\/p>\n\n\n\n<p><a href=\"https:\/\/www.slideshare.net\/aubertm\/201711-aubertm-for-bisnode-web-strategy-for-industrial-lead-generation\">201711 Aubertm for Bisnode: web strategy for industrial lead generation par Marina Aubert, a 26 diapositives avec 434 vues.<\/a><\/p>\n\n\n\n<figure class=\"wp-block-image\"><img decoding=\"async\" src=\"https:\/\/cdn.slidesharecdn.com\/ss_thumbnails\/201711aubertmbisnodeleadgeneration-171215161344-thumbnail.jpg?width=560&amp;fit=bounds\" alt=\"201711 Aubertm for Bisnode: web strategy for industrial lead generation\"\/><\/figure>\n\n\n\n<p>201711 Aubertm for Bisnode: web strategy for industrial lead generation<\/p>\n\n\n\n<p>26 diapositives\u2022434 vues<\/p>\n\n\n\n<p><a href=\"https:\/\/www.slideshare.net\/slideshow\/201712-fitmynest-demo-day-bsprouts\/84108664\">201712 FitMyNest Demo Day B-Sprouts par Marina Aubert, a 10 diapositives avec 258 vues.<\/a><\/p>\n\n\n\n<figure class=\"wp-block-image\"><img decoding=\"async\" src=\"https:\/\/cdn.slidesharecdn.com\/ss_thumbnails\/201712fitmynestb-sproutsdemodayfinal-171214205303-thumbnail.jpg?width=560&amp;fit=bounds\" alt=\"201712 FitMyNest Demo Day B-Sprouts\"\/><\/figure>\n\n\n\n<p>201712 FitMyNest Demo Day B-Sprouts<\/p>\n\n\n\n<p>10 diapositives\u2022258 vues<\/p>\n\n\n\n<p><a href=\"https:\/\/fr.slideshare.net\/slideshow\/201711-webinaire-de-communication-pour-dirigeantes-commande-de-asbl-fministe-amazone\/82884316\">201711 Webinaire de Communication pour Dirigeantes &#8211; commande de ASBL f\u00e9ministe Amazone par Marina Aubert, a 31 diapositives avec 416 vues.<\/a><\/p>\n\n\n\n<figure class=\"wp-block-image\"><img decoding=\"async\" src=\"https:\/\/cdn.slidesharecdn.com\/ss_thumbnails\/201711aubertmwebinaireamazone-171128085040-thumbnail.jpg?width=560&amp;fit=bounds\" alt=\"201711 Webinaire de Communication pour Dirigeantes - commande de ASBL f\u00e9ministe Amazone\"\/><\/figure>\n\n\n\n<p>201711 Webinaire de Communication pour Dirigeantes &#8211; commande de ASBL f\u00e9ministe Amazone<\/p>\n\n\n\n<p>31 diapositives\u2022416 vues<\/p>\n\n\n\n<p><a href=\"https:\/\/fr.slideshare.net\/slideshow\/201511-prsentation-lassociation-des-industries-aihe\/82882581\">201511 Pr\u00e9sentation \u00e0 l&#8217;Association des Industries AIHE par Marina Aubert, a 26 diapositives avec 145 vues.<\/a><\/p>\n\n\n\n<figure class=\"wp-block-image\"><img decoding=\"async\" src=\"https:\/\/cdn.slidesharecdn.com\/ss_thumbnails\/201511aubertmaiheknauf-171128082342-thumbnail.jpg?width=560&amp;fit=bounds\" alt=\"201511 Pr\u00e9sentation \u00e0 l'Association des Industries AIHE\"\/><\/figure>\n\n\n\n<p>201511 Pr\u00e9sentation \u00e0 l&#8217;Association des Industries AIHE<\/p>\n\n\n\n<p>26 diapositives\u2022145 vues<\/p>\n\n\n\n<p><a href=\"https:\/\/fr.slideshare.net\/slideshow\/10-ans-de-journaliste-web-sprl\/80854524\">10 ans de Journaliste Web SPRL par Marina Aubert, a 9 diapositives avec 294 vues.<\/a><\/p>\n\n\n\n<figure class=\"wp-block-image\"><img decoding=\"async\" src=\"https:\/\/cdn.slidesharecdn.com\/ss_thumbnails\/10ansjw-171016114029-thumbnail.jpg?width=560&amp;fit=bounds\" alt=\"10 ans de Journaliste Web SPRL\"\/><\/figure>\n\n\n\n<p>10 ans de Journaliste Web SPRL<\/p>\n\n\n\n<p>9 diapositives\u2022294 vues<\/p>\n\n\n\n<p><a href=\"https:\/\/www.slideshare.net\/slideshow\/201709-fit-my-nest-bsprouts\/79644868\">201709 Fit My Nest @B-sprouts par Marina Aubert, a 7 diapositives avec 290 vues.<\/a><\/p>\n\n\n\n<figure class=\"wp-block-image\"><img decoding=\"async\" src=\"https:\/\/cdn.slidesharecdn.com\/ss_thumbnails\/201709fitmynestb-sprouts5pages-170911160338-thumbnail.jpg?width=560&amp;fit=bounds\" alt=\"201709 Fit My Nest @B-sprouts\"\/><\/figure>\n\n\n\n<p>201709 Fit My Nest @B-sprouts<\/p>\n\n\n\n<p>7 diapositives\u2022290 vues<\/p>\n\n\n\n<p><a href=\"https:\/\/fr.slideshare.net\/slideshow\/201612-cqhn-groupe-environnement\/70175026\">201612 CQHN Groupe Environnement par Marina Aubert, a 22 diapositives avec 145 vues.<\/a><\/p>\n\n\n\n<figure class=\"wp-block-image\"><img decoding=\"async\" src=\"https:\/\/cdn.slidesharecdn.com\/ss_thumbnails\/201612groupeenvironnement-161215145529-thumbnail.jpg?width=560&amp;fit=bounds\" alt=\"201612 CQHN Groupe Environnement \"\/><\/figure>\n\n\n\n<p>201612 CQHN Groupe Environnement<\/p>\n\n\n\n<p>22 diapositives\u2022145 vues<\/p>\n\n\n\n<p><a href=\"https:\/\/fr.slideshare.net\/slideshow\/molengeek-2016-seance-dinfo\/57376541\">Molengeek 2016 s\u00e9ance d&#8217;info par Marina Aubert, a 9 diapositives avec 769 vues.<\/a><\/p>\n\n\n\n<figure class=\"wp-block-image\"><img decoding=\"async\" src=\"https:\/\/cdn.slidesharecdn.com\/ss_thumbnails\/molengeek2016seancedinfo-160122152832-thumbnail.jpg?width=560&amp;fit=bounds\" alt=\"Molengeek 2016 s\u00e9ance d'info\"\/><\/figure>\n\n\n\n<p>Molengeek 2016 s\u00e9ance d&#8217;info<\/p>\n\n\n\n<p>9 diapositives\u2022769 vues<\/p>\n\n\n\n<p><a href=\"https:\/\/fr.slideshare.net\/aubertm\/20150427-sites-web-et-rseaux-sociaux-pour-les-optometristes\">20150427 Sites web et r\u00e9seaux sociaux pour les optom\u00e9tristes par Marina Aubert, a 14 diapositives avec 634 vues.<\/a><\/p>\n\n\n\n<figure class=\"wp-block-image\"><img decoding=\"async\" src=\"https:\/\/cdn.slidesharecdn.com\/ss_thumbnails\/20150427audemarinaoptometristes-150724140310-lva1-app6892-thumbnail.jpg?width=560&amp;fit=bounds\" alt=\"20150427 Sites web et r\u00e9seaux sociaux pour les optom\u00e9tristes\"\/><\/figure>\n\n\n\n<p>20150427 Sites web et r\u00e9seaux sociaux pour les optom\u00e9tristes<\/p>\n\n\n\n<p>14 diapositives\u2022634 vues<\/p>\n\n\n\n<p><a href=\"https:\/\/fr.slideshare.net\/slideshow\/201503-aubertm-ehp-comment-cadrer-sa-crativit-de-zbre-mthodologie-de-plan-de-dveloppement-personnel\/45793295\">201503 aubertm EHP Comment cadrer sa cr\u00e9ativit\u00e9 (de z\u00e8bre) &#8211; M\u00e9thodologie de plan de d\u00e9veloppement personnel par Marina Aubert, a 30 diapositives avec 1623 vues.<\/a><\/p>\n\n\n\n<figure class=\"wp-block-image\"><img decoding=\"async\" src=\"https:\/\/cdn.slidesharecdn.com\/ss_thumbnails\/201503aubertmehpcreativite-150313055841-conversion-gate01-thumbnail.jpg?width=560&amp;fit=bounds\" alt=\"201503 aubertm EHP Comment cadrer sa cr\u00e9ativit\u00e9 (de z\u00e8bre) - M\u00e9thodologie de plan de d\u00e9veloppement personnel\"\/><\/figure>\n\n\n\n<p>201503 aubertm EHP Comment cadrer sa cr\u00e9ativit\u00e9 (de z\u00e8bre) &#8211; M\u00e9thodologie de plan de d\u00e9veloppement personnel<\/p>\n\n\n\n<p>30 diapositives\u20221.6K vues<\/p>\n\n\n\n<p><a href=\"https:\/\/fr.slideshare.net\/slideshow\/201501-fit-my-nest-pecha-kucha-pour-pmp-charleroi\/45065836\">201501 Fit My Nest : Pecha Kucha pour PMP \u00e0 Charleroi par Marina Aubert, a 18 diapositives avec 822 vues.<\/a><\/p>\n\n\n\n<figure class=\"wp-block-image\"><img decoding=\"async\" src=\"https:\/\/cdn.slidesharecdn.com\/ss_thumbnails\/201501fitmynestpechakuchacharleroi-150224052042-conversion-gate02-thumbnail.jpg?width=560&amp;fit=bounds\" alt=\"201501 Fit My Nest : Pecha Kucha pour PMP \u00e0 Charleroi\"\/><\/figure>\n\n\n\n<p>201501 Fit My Nest : Pecha Kucha pour PMP \u00e0 Charleroi<\/p>\n\n\n\n<p>18 diapositives\u2022822 vues<\/p>\n\n\n\n<p><a href=\"https:\/\/fr.slideshare.net\/slideshow\/201411-aubertm-cafe-n-woo-personal-branding\/41550208\">Le Personal branding, outil essentiel pour promouvoir vos talents par Marina Aubert, a 32 diapositives avec 756 vues.<\/a><\/p>\n\n\n\n<figure class=\"wp-block-image\"><img decoding=\"async\" src=\"https:\/\/cdn.slidesharecdn.com\/ss_thumbnails\/201411aubertmcafenwoopersonalbranding-141114040100-conversion-gate01-thumbnail.jpg?width=560&amp;fit=bounds\" alt=\"Le Personal branding, outil essentiel pour promouvoir vos talents \"\/><\/figure>\n\n\n\n<p>Le Personal branding, outil essentiel pour promouvoir vos talents<\/p>\n\n\n\n<p>32 diapositives\u2022756 vues<\/p>\n\n\n\n<p><a href=\"https:\/\/www.slideshare.net\/slideshow\/orchestraaa-laura-des-dirigeants-au-pecha-kucha-mons-102014\/40855627\">Orchestraaa: L&#8217;Aura des Dirigeants au Pecha Kucha Mons 10\/2014 par Marina Aubert, a 20 diapositives avec 784 vues.<\/a><\/p>\n\n\n\n<figure class=\"wp-block-image\"><img decoding=\"async\" src=\"https:\/\/cdn.slidesharecdn.com\/ss_thumbnails\/201410oaaa-aurapechakuchamonssent-141029023906-conversion-gate01-thumbnail.jpg?width=560&amp;fit=bounds\" alt=\"Orchestraaa: L'Aura des Dirigeants au Pecha Kucha Mons 10\/2014\"\/><\/figure>\n\n\n\n<p>Orchestraaa: L&#8217;Aura des Dirigeants au Pecha Kucha Mons 10\/2014<\/p>\n\n\n\n<p>20 diapositives\u2022784 vues<\/p>\n\n\n\n<p><a href=\"https:\/\/fr.slideshare.net\/slideshow\/caf-numrique-namur-reussir-sa-page-facebook\/28284004\">Caf\u00e9 Num\u00e9rique Namur: R\u00e9ussir sa page Facebook par Marina Aubert, a 26 diapositives avec 976 vues.<\/a><\/p>\n\n\n\n<figure class=\"wp-block-image\"><img decoding=\"async\" src=\"https:\/\/cdn.slidesharecdn.com\/ss_thumbnails\/201310aubertmcafennamurreussirsapagefacebook-131115090929-phpapp02-thumbnail.jpg?width=560&amp;fit=bounds\" alt=\"Caf\u00e9 Num\u00e9rique Namur: R\u00e9ussir sa page Facebook\"\/><\/figure>\n\n\n\n<p>Caf\u00e9 Num\u00e9rique Namur: R\u00e9ussir sa page Facebook<\/p>\n\n\n\n<p>26 diapositives\u2022976 vues<\/p>\n\n\n\n<p><a href=\"https:\/\/fr.slideshare.net\/slideshow\/feweb\/27773522\">Feweb: le Community Management par Marina Aubert, a 9 diapositives avec 786 vues.<\/a><\/p>\n\n\n\n<figure class=\"wp-block-image\"><img decoding=\"async\" src=\"https:\/\/cdn.slidesharecdn.com\/ss_thumbnails\/201304oaaafewebcm-131031064146-phpapp02-thumbnail.jpg?width=560&amp;fit=bounds\" alt=\"Feweb: le Community Management\"\/><\/figure>\n\n\n\n<p>Feweb: le Community Management<\/p>\n\n\n\n<p>9 diapositives\u2022786 vues<\/p>\n\n\n\n<hr class=\"wp-block-separator has-alpha-channel-opacity\"\/>\n\n\n\n<p><a href=\"https:\/\/fr.slideshare.net\/slideshow\/201310-oaaa-maison-de-lemploi-dixelles-du-bic-au-clic\/27683193\">201310 Maison de l&#8217;emploi d&#8217;Ixelles : \u201cDu Bic au Clic\u201d par Marina Aubert, a 34 diapositives avec 2948 vues.<\/a><\/p>\n\n\n\n<figure class=\"wp-block-image\"><img decoding=\"async\" src=\"https:\/\/cdn.slidesharecdn.com\/ss_thumbnails\/201310oaaamaisondelemploidixellesdubicauclic-131029043830-phpapp02-thumbnail.jpg?width=560&amp;fit=bounds\" alt=\"201310 Maison de l'emploi d'Ixelles : \u201cDu Bic au Clic\u201d\"\/><\/figure>\n\n\n\n<p>201310 Maison de l&#8217;emploi d&#8217;Ixelles : \u201cDu Bic au Clic\u201d<\/p>\n\n\n\n<p>34 diapositives\u20222.9K vues<\/p>\n\n\n\n<p><a href=\"https:\/\/fr.slideshare.net\/slideshow\/rueduweb-collaborer-entre-independants\/22732301\">RueDuWeb : collaborer entre ind\u00e9pendants par Marina Aubert, a 15 diapositives avec 907 vues.<\/a><\/p>\n\n\n\n<figure class=\"wp-block-image\"><img decoding=\"async\" src=\"https:\/\/cdn.slidesharecdn.com\/ss_thumbnails\/20130527rdwazimutcollaborationentreindependants-130610023041-phpapp01-thumbnail.jpg?width=560&amp;fit=bounds\" alt=\"RueDuWeb : collaborer entre ind\u00e9pendants\"\/><\/figure>\n\n\n\n<p>RueDuWeb : collaborer entre ind\u00e9pendants<\/p>\n\n\n\n<p>15 diapositives\u2022907 vues<\/p>\n\n\n\n<p><a href=\"https:\/\/www.slideshare.net\/slideshow\/201211-orchestraaa-sap-personal-branding-towards-corporate-branding\/15336264\">201211 Orchestraaa SAP personal branding towards corporate branding par Marina Aubert, a 11 diapositives avec 989 vues.<\/a><\/p>\n\n\n\n<figure class=\"wp-block-image\"><img decoding=\"async\" src=\"https:\/\/cdn.slidesharecdn.com\/ss_thumbnails\/201211oaaasappersonalbrandingtowardscorporatebranding-121125063240-phpapp01-thumbnail.jpg?width=560&amp;fit=bounds\" alt=\"201211 Orchestraaa SAP personal branding towards corporate branding\"\/><\/figure>\n\n\n\n<p>201211 Orchestraaa SAP personal branding towards corporate branding<\/p>\n\n\n\n<p>11 diapositives\u2022989 vues<\/p>\n\n\n\n<p><a href=\"https:\/\/fr.slideshare.net\/slideshow\/201209-orchestraaa-wolu-cyber-new-mtiers\/14239842\">201209 orchestraaa wolu cyber nouveaux metiers par Marina Aubert, a 9 diapositives avec 333 vues.<\/a><\/p>\n\n\n\n<figure class=\"wp-block-image\"><img decoding=\"async\" src=\"https:\/\/cdn.slidesharecdn.com\/ss_thumbnails\/201209orchestraaawolucybernewmtiers-120910153910-phpapp02-thumbnail.jpg?width=560&amp;fit=bounds\" alt=\"201209 orchestraaa wolu cyber nouveaux metiers\"\/><\/figure>\n\n\n\n<p>201209 orchestraaa wolu cyber nouveaux metiers<\/p>\n\n\n\n<p>9 diapositives\u2022333 vues<\/p>\n\n\n\n<p><a href=\"https:\/\/fr.slideshare.net\/slideshow\/201203-cw-jcw-quel-contenu-pour-les-mdias-sociaux\/12084698\">201203 cw jcw quel contenu pour les m\u00e9dias sociaux par Marina Aubert, a 27 diapositives avec 488 vues.<\/a><\/p>\n\n\n\n<figure class=\"wp-block-image\"><img decoding=\"async\" src=\"https:\/\/cdn.slidesharecdn.com\/ss_thumbnails\/201203cwjcwquelcontenupourlesmdiassociaux-120320150544-phpapp01-thumbnail.jpg?width=560&amp;fit=bounds\" alt=\"201203 cw jcw quel contenu pour les m\u00e9dias sociaux\"\/><\/figure>\n\n\n\n<p>201203 cw jcw quel contenu pour les m\u00e9dias sociaux<\/p>\n\n\n\n<p>27 diapositives\u2022488 vues<\/p>\n\n\n\n<p><a href=\"https:\/\/fr.slideshare.net\/slideshow\/201106-jw-accortise-barcamp-egheze-contenu-web-pertinent\/8331232\">201106 JW ACCORTise Barcamp Eghez\u00e9e Contenu web pertinent par Marina Aubert, a 13 diapositives avec 506 vues.<\/a><\/p>\n\n\n\n<figure class=\"wp-block-image\"><img decoding=\"async\" src=\"https:\/\/cdn.slidesharecdn.com\/ss_thumbnails\/201106jwaccortisebarcamp-110616155659-phpapp02-thumbnail.jpg?width=560&amp;fit=bounds\" alt=\"201106 JW ACCORTise Barcamp Eghez\u00e9e Contenu web pertinent\"\/><\/figure>\n\n\n\n<p>201106 JW ACCORTise Barcamp Eghez\u00e9e Contenu web pertinent<\/p>\n\n\n\n<p>13 diapositives\u2022506 vues<\/p>\n\n\n\n<p><a href=\"https:\/\/fr.slideshare.net\/slideshow\/20110525-cafen-russir-sa-page-facebook\/8112826\">20110525 CafeN R\u00e9ussir sa page Facebook par Marina Aubert, a 37 diapositives avec 529 vues.<\/a><\/p>\n\n\n\n<figure class=\"wp-block-image\"><img decoding=\"async\" src=\"https:\/\/cdn.slidesharecdn.com\/ss_thumbnails\/russirsapagefacebookfinal-110526102520-phpapp01-thumbnail.jpg?width=560&amp;fit=bounds\" alt=\"20110525 CafeN R\u00e9ussir sa page Facebook\"\/><\/figure>\n\n\n\n<p>20110525 CafeN R\u00e9ussir sa page Facebook<\/p>\n\n\n\n<p>37 diapositives\u2022529 vues<\/p>\n\n\n\n<p><a href=\"https:\/\/fr.slideshare.net\/slideshow\/20110429-jw-isfsc-copywritings-web\/7770712\">20110429 JW ISFSC Copywritings web par Marina Aubert, a 38 diapositives avec 764 vues.<\/a><\/p>\n\n\n\n<figure class=\"wp-block-image\"><img decoding=\"async\" src=\"https:\/\/cdn.slidesharecdn.com\/ss_thumbnails\/20110429jwisfsc-110428163517-phpapp02-thumbnail.jpg?width=560&amp;fit=bounds\" alt=\"20110429 JW ISFSC Copywritings web\"\/><\/figure>\n\n\n\n<p>20110429 JW ISFSC Copywritings web<\/p>\n\n\n\n<p>38 diapositives\u2022764 vues<\/p>\n\n\n\n<p><a href=\"https:\/\/www.slideshare.net\/slideshow\/cleverwood-friday-sessions\/7670746\">Cleverwood friday sessions par Marina Aubert, a 28 diapositives avec 277 vues.<\/a><\/p>\n\n\n\n<figure class=\"wp-block-image\"><img decoding=\"async\" src=\"https:\/\/cdn.slidesharecdn.com\/ss_thumbnails\/cleverwoodfridaysessions-110419015020-phpapp01-thumbnail.jpg?width=560&amp;fit=bounds\" alt=\"Cleverwood friday sessions\"\/><\/figure>\n\n\n\n<p>Cleverwood friday sessions<\/p>\n\n\n\n<p>28 diapositives\u2022277 vues<\/p>\n\n\n\n<p><a href=\"https:\/\/fr.slideshare.net\/slideshow\/prsentation-de-la-rueduweb\/7334261\">Pr\u00e9sentation de la RueDuWeb par Marina Aubert, a 13 diapositives avec 601 vues.<\/a><\/p>\n\n\n\n<figure class=\"wp-block-image\"><img decoding=\"async\" src=\"https:\/\/cdn.slidesharecdn.com\/ss_thumbnails\/20110321rueduwebprsentationtudiantsipsma-110321090918-phpapp01-thumbnail.jpg?width=560&amp;fit=bounds\" alt=\"Pr\u00e9sentation de la RueDuWeb \"\/><\/figure>\n\n\n\n<p>Pr\u00e9sentation de la RueDuWeb<\/p>\n\n\n\n<p>13 diapositives\u2022601 vues<\/p>\n\n\n\n<p><a href=\"https:\/\/fr.slideshare.net\/slideshow\/20110223-caf-numrique-elearning\/7031402\">20110223 Caf\u00e9 num\u00e9rique elearning par Marina Aubert, a 22 diapositives avec 408 vues.<\/a><\/p>\n\n\n\n<figure class=\"wp-block-image\"><img decoding=\"async\" src=\"https:\/\/cdn.slidesharecdn.com\/ss_thumbnails\/cafenelearning-110223091559-phpapp01-thumbnail.jpg?width=560&amp;fit=bounds\" alt=\"20110223 Caf\u00e9 num\u00e9rique elearning\"\/><\/figure>\n\n\n\n<p>20110223 Caf\u00e9 num\u00e9rique elearning<\/p>\n\n\n\n<p>22 diapositives\u2022408 vues<\/p>\n\n\n\n<p><a href=\"https:\/\/fr.slideshare.net\/aubertm\/201012-st-jw-techniques-dcriture-web-et-rfrencement\">201012 st\u00b2 JW techniques d&#8217;\u00e9criture web et r\u00e9f\u00e9rencement par Marina Aubert, a 11 diapositives avec 348 vues.<\/a><\/p>\n\n\n\n<figure class=\"wp-block-image\"><img decoding=\"async\" src=\"https:\/\/cdn.slidesharecdn.com\/ss_thumbnails\/201012st-techniquesdcriturewebetrfrencement-101217030651-phpapp02-thumbnail.jpg?width=560&amp;fit=bounds\" alt=\"201012 st\u00b2  JW techniques d'\u00e9criture web et r\u00e9f\u00e9rencement\"\/><\/figure>\n\n\n\n<p>201012 st\u00b2 JW techniques d&#8217;\u00e9criture web et r\u00e9f\u00e9rencement<\/p>\n\n\n\n<p>11 diapositives\u2022348 vues<\/p>\n\n\n\n<p><a href=\"https:\/\/fr.slideshare.net\/slideshow\/lidentit-numrique-de-lentreprise\/5819774\">L&#8217;identit\u00e9 num\u00e9rique de l&#8217;entreprise par Marina Aubert, a 29 diapositives avec 597 vues.<\/a><\/p>\n\n\n\n<figure class=\"wp-block-image\"><img decoding=\"async\" src=\"https:\/\/cdn.slidesharecdn.com\/ss_thumbnails\/lidentitnumriquedelentreprise-101118022205-phpapp01-thumbnail.jpg?width=560&amp;fit=bounds\" alt=\"L'identit\u00e9 num\u00e9rique de l'entreprise\"\/><\/figure>\n\n\n\n<p>L&#8217;identit\u00e9 num\u00e9rique de l&#8217;entreprise<\/p>\n\n\n\n<p>29 diapositives\u2022597 vues<\/p>\n","protected":false},"excerpt":{"rendered":"<p>Backup de ma page Slideshare 31 partages, 350 abonnements Pitch StartupWeekend FitMyNest: modular housing par Marina Aubert, a 15 diapositives avec 361 vues. Pitch StartupWeekend FitMyNest: modular housing 15 diapositives\u2022361 vues FitMyNest: Industry 4.0 and co-housing par Marina Aubert, a 14 diapositives avec 462 vues. FitMyNest: Industry 4.0 and co-housing 14 diapositives\u2022462 vues 2015\/02&nbsp;Rotary Club [&hellip;]<\/p>\n","protected":false},"author":1,"featured_media":0,"parent":5090,"menu_order":0,"comment_status":"closed","ping_status":"closed","template":"","meta":{"footnotes":""},"class_list":["post-4825","page","type-page","status-publish","hentry"],"jetpack_sharing_enabled":true,"_links":{"self":[{"href":"https:\/\/aubertm.me\/index.php\/wp-json\/wp\/v2\/pages\/4825","targetHints":{"allow":["GET"]}}],"collection":[{"href":"https:\/\/aubertm.me\/index.php\/wp-json\/wp\/v2\/pages"}],"about":[{"href":"https:\/\/aubertm.me\/index.php\/wp-json\/wp\/v2\/types\/page"}],"author":[{"embeddable":true,"href":"https:\/\/aubertm.me\/index.php\/wp-json\/wp\/v2\/users\/1"}],"replies":[{"embeddable":true,"href":"https:\/\/aubertm.me\/index.php\/wp-json\/wp\/v2\/comments?post=4825"}],"version-history":[{"count":3,"href":"https:\/\/aubertm.me\/index.php\/wp-json\/wp\/v2\/pages\/4825\/revisions"}],"predecessor-version":[{"id":5091,"href":"https:\/\/aubertm.me\/index.php\/wp-json\/wp\/v2\/pages\/4825\/revisions\/5091"}],"up":[{"embeddable":true,"href":"https:\/\/aubertm.me\/index.php\/wp-json\/wp\/v2\/pages\/5090"}],"wp:attachment":[{"href":"https:\/\/aubertm.me\/index.php\/wp-json\/wp\/v2\/media?parent=4825"}],"curies":[{"name":"wp","href":"https:\/\/api.w.org\/{rel}","templated":true}]}}